6)/(15/2740)?
2
Let q = 5 - 3. Let s be (q/(-4))/(5/(-30)). Suppose 0 = -c - s*c + 4*v + 76, 0 = c + 2*v - 19. What is the tens digit of c?
1
Let m = 9 + -8. Let l = 28 - 28. What is the tens digit of (l - -12)/(m + 0)?
1
Let j = 2444 - 1084. What is the tens digit of j?
6
Let g(c) = 330*c**3 + c**2 - 2*c + 2. Let x be g(1). Suppose 4*y = -2*j + 254, 3*y + 2*y - 2*j = x. What is the tens digit of y?
6
Let n(f) = -263*f - 17. What is the hundreds digit of n(-2)?
5
Let z(b) = -2*b**3 - 20*b**2 + 29*b + 18. Let g(n) = -3*n**3 - 30*n**2 + 44*n + 27. Let l(j) = 5*g(j) - 8*z(j). What is the tens digit of l(-10)?
1
Let b(x) = 3*x**2 - 6*x + 16. Suppose y - 22 = -19. What is the units digit of b(y)?
5
Suppose 3*i = 5*b - 7649, 11*i - 9*i - 4 = 0. What is the hundreds digit of b?
5
Let i = -231 - -425. What is the units digit of i?
4
Suppose -h - 8*k + 1468 = -6*k, -3*k = -9. What is the units digit of h?
2
Suppose -2 = -p, -t - 2*p + 12 - 1 = 0. Let l(n) = -4*n + n**3 - 3*n + 6*n + 6 + t*n**2. What is the units digit of l(-7)?
3
What is the units digit of ((-20349)/(-27) - -1) + 2/6?
5
Let q(p) be the second derivative of 19*p**4/3 - p**2 - 2*p - 43. Let f(i) = -i + 6. Let t be f(5). What is the units digit of q(t)?
4
Suppose 5*d - 4*o = 3614, 4*d = -12*o + 11*o + 2887. What is the hundreds digit of d?
7
What is the units digit of 46/(-115) - (-2297)/5?
9
Suppose 0 = u + o - 10, 2*u - o - 20 = 2*o. What is the tens digit of (-30)/75 - (-284)/u?
2
Suppose -5*a - 2*c = 3*c - 45, 4*c + 12 = 0. Let s(j) = j**2 - 10*j - 2. What is the units digit of s(a)?
2
Suppose 0 = 5*g - 657 - 2703. What is the tens digit of g?
7
Let u(i) = -2*i**2 + 18*i + 6. Let w be u(10). Let r = 40 - w. What is the units digit of r?
4
Let b be -3*2*4/(-6). Suppose -b*j = -2*n + 3 - 13, n = -3*j. Let s(d) = 39*d**3 - 1. What is the units digit of s(j)?
8
Suppose -5*k - 2627 = -2*x, -4*x - k = -5029 - 258. What is the tens digit of x?
2
Let b be 1*(-19 + 1 + 3). Let k = -31 - b. What is the units digit of (-72)/k*2/3?
3
Let c = 102 - 143. Let i = 60 + c. What is the units digit of i?
9
Let j = 47 + -53. What is the tens digit of j/4*860/(-15)?
8
What is the units digit of (1742/78)/((-33)/18 - -2)?
4
Suppose 7*i = 16575 + 5510. What is the thousands digit of i?
3
Let n(u) = 2*u**2 + 3*u - 1. Let y(l) = -l**2 - l + 1. Let q(c) = 3*n(c) + 7*y(c). Let r be q(3). What is the tens digit of (r - (-15)/(-4))*-4?
1
Let u(r) = -r**3 + 2*r**2 + 2. Let k be u(2). Let t(b) = 3 - 2 - b + 5*b**2 + 6*b**k. What is the units digit of t(1)?
1
Suppose 2 = 3*j + 20. What is the units digit of ((-35)/(-3))/(j/(-18)) + -2?
3
Let n(s) = -s**2 + s + 4. Let l = -12 + 12. Let o be n(l). Suppose -11 + 31 = o*i. What is the units digit of i?
5
Suppose 4*a - 490 = -3*a. Suppose -f = -4*d + 114 + 47, -2*d + a = -4*f. What is the tens digit of d?
4
Let s = 929 - 389. What is the tens digit of s?
4
Suppose -1 = -3*r - 5*m - 10, 3*m + 5 = -2*r. Let h(v) = 2*v**2 + 4 - 3*v**2 + 8*v + v**r + 2*v**2. What is the units digit of h(-6)?
8
Let z(o) be the third derivative of o**6/120 + 13*o**5/60 - 17*o**4/24 - 2*o**3 - 2*o**2. What is the units digit of z(-14)?
0
Suppose -t - 2*t + 9 = 0. Suppose -j + t = 3*r, 4*r = 2*j - 4*j + 6. Suppose -4*b - 17 = j, -3*f - 2*b + 26 = 0. What is the units digit of f?
2
Let u(c) = 2*c + 5. Let k be u(-5). Let t be (302 - -3)/k - 3. Let y = t - -136. What is the tens digit of y?
7
Let b = 37 - 19. What is the units digit of b/(-45) + (-124)/(-10)?
2
Suppose -3*p + 120 = 2*p + 5*v, p + 4*v = 9. Let y = 8 + p. What is the units digit of y?
7
Let j(c) = -3*c**2 + 2*c. Let z be j(2). What is the tens digit of ((-2)/3)/(z/(-15))*-44?
5
Suppose -4*f + q + 437 = 0, -565 = -5*f + q - 6*q. What is the tens digit of f?
1
Let b be 22/(-165) + 47/15. Suppose 132 = 9*l - b*l. What is the tens digit of l?
2
Let m(s) = -5*s + 3. Let v(l) = -l**2 - 12*l - 13. Let o be v(-10). Suppose o*f + 6 = 5*f. What is the units digit of m(f)?
8
Let h(d) = 4*d**2 + 166*d + 2. What is the hundreds digit of h(-60)?
4
What is the hundreds digit of (-4)/(-36) - 23570*(-2)/18?
6
Suppose 0*n - 6*n = -192. Let m = n + 2. What is the units digit of m?
4
Let q = 1744 + -843. What is the units digit of q?
1
Let k be 7*13/(26/12). Let f = -31 - k. Let b = f + 126. What is the units digit of b?
3
Suppose -12*z + 8*z + 28 = 0. Let h = 5 + z. What is the tens digit of h?
1
Suppose 2*p - 78 = -0. Let u = -18 + p. Suppose 0*s = -s + u. What is the units digit of s?
1
Suppose -4*q + 0*q = 0. Suppose 5*u - 4*u = q. Suppose -4*h + 2 + 10 = u, h + 1 = i. What is the units digit of i?
4
Suppose -4*l + 2*d = 5*d - 4028, -5*l + 3*d = -5035. What is the units digit of l?
7
Let c(a) = -922*a**3 + 3*a**2 + 4*a + 1. What is the hundreds digit of c(-1)?
9
Let k(m) = m**2 - 6*m + 9. Let l = -18 + 22. Let n be k(l). What is the tens digit of n - -18 - (2 - 3)?
2
Let h be 4/6*6 - -316. Suppose 0*v - 5*v - 5*a = -290, a + h = 5*v. What is the tens digit of v?
6
What is the hundreds digit of 0 - ((-36)/6 - 226)?
2
Let f(d) = 16*d + 23. Let l(j) = -5*j - 8. Let z(x) = 6*f(x) + 17*l(x). What is the tens digit of z(2)?
2
What is the tens digit of 1001 - (12 + -10) - (-16)/(-2)?
9
Let l(v) = 50*v + 339. What is the tens digit of l(22)?
3
Let z be (0 + 0)/(-14 + 11). What is the units digit of ((-15)/9 + z)*-3?
5
What is the units digit of ((-30)/(-4))/(12/1272)?
5
Let g(j) = -2*j**3 + 25*j**2 + 14*j - 10. Let z be g(13). Suppose 0*x = -z*x + 33. What is the tens digit of x?
1
Let w(p) be the third derivative of 29*p**5/30 - p**4/12 + p**3/6 - 13*p**2 + 4*p. Let i be -1*(-1 - (0 + 0)). What is the units digit of w(i)?
7
Let s(f) = -3*f - 6. Let q be s(-14). Suppose 2 + 0 = p - 5*w, -5*w - q = -3*p. Suppose -3*g + 36 = -4*j, 3*j = g - 0*g - p. What is the units digit of g?
8
Suppose 3*p - 4*p + 3*d + 642 = 0, 4*p - 2592 = 4*d. What is the tens digit of p?
5
Let i(z) be the third derivative of 0 + 1/30*z**5 + 1/6*z**4 - 1/6*z**3 + 0*z + 7*z**2. What is the units digit of i(3)?
9
Let j = 1342 + -361. What is the tens digit of j?
8
Let z(i) = i**3 + 6*i**2 + 7*i + 5. Let f be z(-4). Suppose 5*t + 348 = f*t. What is the tens digit of t?
8
Let o(x) be the third derivative of 29*x**6/120 - x**4/24 + 7*x**2. Let g be 1*((3 - 1) + -1). What is the tens digit of o(g)?
2
Suppose -3*s - 1 = -7. Suppose 0 = -b + s*p + 3, 5*p - 27 = -7. Suppose 1 = -5*k + 4*k - 2*m, -k + m + b = 0. What is the units digit of k?
7
Suppose v = 6*v + 4*x - 172, -2*v = 5*x - 79. Suppose -s + v = 3*s. Suppose -11*d + 30 = -s*d. What is the tens digit of d?
1
What is the tens digit of 1/(-16)*4 + (-5898)/(-8)?
3
Let k be (-545)/(-15) - (-3)/(-9). Suppose x + 3*x = -k. What is the units digit of (-865)/(-45) - (-2)/x?
9
Let m be 21/5 + (-2)/10. Suppose m*f - 3 = -7. What is the units digit of (-4 - -7)*(f + 2)?
3
Let h(z) = -z**3 + 4*z**2 - 2*z + 12. Let q be h(8). Let a = 521 + q. What is the units digit of a?
1
Let x be (-9)/18 - 71/2. Let b = x - -43. What is the units digit of b?
7
Let c = 1767 - 1005. What is the hundreds digit of c?
7
Let d(z) = 21*z + 6. Let o be d(6). Let v = -1364 + 1559. Let t = v - o. What is the tens digit of t?
6
Let v(g) = 3*g - 5. Let h = -16 + 19. What is the units digit of v(h)?
4
Suppose 5*l + 3103 = 4*y, -5*y - 3*l = -4*y - 780. What is the units digit of y?
7
Let i = -1360 - -1974. What is the hundreds digit of i?
6
What is the units digit of -2*(-4 + (-18)/(-4)) - -5?
4
Let t be ((-4)/(-6 - -5))/(-1*2). Let x = t + 12. What is the units digit of x?
0
Let u(x) = 3*x + 4. Suppose -2*r + 0 + 2 = -2*z, -3*r - 5*z = 21. Let k be u(r). What is the units digit of 1/((-1)/k)*6?
2
Let z = 18 + -13. Suppose z*r = -249 + 894. What is the units digit of r?
9
Let i = 11 + -13. Let l be (-7 + 9)*(-5)/i. Suppose -l*u = -2*u - 30. What is the units digit of u?
0
Let y be (-3 + 3 - -3) + 47. Suppose -2*k + 6*i - 118 = 2*i, -y = k - 5*i. Let p = 127 + k. What is the units digit of p?
2
Suppose -39*f + 7*f + 24864 = 0. What is the units digit of f?
7
Suppose 0 = 5*u + 5*l - 5, -3*l = 2*u + 3 - 6. Let q(r) = 5*r + 176. What is the hundreds digit of q(u)?
1
Let b(n) = 5*n**2 - n. Let h(y) = y + 7. Let d be h(-6). Let l be b(d). Suppose f - l*z - 27 = 0, -f + 15 = -3*